{"id":3172,"date":"2021-03-07T13:36:38","date_gmt":"2021-03-07T16:36:38","guid":{"rendered":"https:\/\/ens6-caba.infd.edu.ar\/sitio\/?page_id=3172"},"modified":"2025-11-11T18:56:41","modified_gmt":"2025-11-11T21:56:41","slug":"cursos-extracurriculares-2022","status":"publish","type":"page","link":"https:\/\/ens6-caba.infd.edu.ar\/sitio\/cursos-extracurriculares-2022\/","title":{"rendered":"CURSOS DE CAPACITACI\u00d3N 2025"},"content":{"rendered":"<h2 style=\"text-align: center;\">&#x1f4a5; <strong data-start=\"202\" data-end=\"236\">\u00a1Abiertos a toda la comunidad!<\/strong><\/h2>\n<p style=\"text-align: left;\" data-start=\"240\" data-end=\"376\"><strong data-start=\"243\" data-end=\"266\">&#x1f4cc;Inscripci\u00f3n online: Completa el formulario &#x1f449;<a href=\"https:\/\/forms.gle\/XeqK6mqWhi7GLLC98\">aqu\u00ed<\/a><\/strong><br data-start=\"317\" data-end=\"320\" \/><strong data-start=\"323\" data-end=\"333\">&#x1f4b2;Valor:<\/strong> Aporte voluntario a la cooperadora escolar<\/p>\n<p data-start=\"378\" data-end=\"536\">&#x1f4cc; <strong data-start=\"381\" data-end=\"396\">IMPORTANTE:<\/strong><br data-start=\"396\" data-end=\"399\" \/>Para confirmar la vacante, es obligatorio asistir a la <strong data-start=\"454\" data-end=\"490\">primera clase\/charla informativa<\/strong>, donde se validar\u00e1n los datos de inscripci\u00f3n.<\/p>\n<p data-start=\"378\" data-end=\"536\">&#x1f4c4; Adem\u00e1s, se deber\u00e1 presentar en <strong data-start=\"463\" data-end=\"474\">Bedel\u00eda 2\u00b0 piso<\/strong> <strong data-start=\"475\" data-end=\"503\" data-is-only-node=\"\">original y copia del DNI<\/strong>, en el horario de <strong data-start=\"522\" data-end=\"535\">9 a 12 hs<\/strong> o de <strong data-start=\"541\" data-end=\"555\">18 a 21 hs<\/strong>.<\/p>\n<p data-start=\"538\" data-end=\"583\">&#x1f4ce; <strong data-start=\"541\" data-end=\"583\">Requisitos y propuestas formativas&#x1f447;&#x1f3fc;<\/strong><\/p>\n<hr data-start=\"585\" data-end=\"588\" \/>\n<p><img decoding=\"async\" loading=\"lazy\" class=\"wp-image-7309 alignleft\" src=\"https:\/\/ens6-caba.infd.edu.ar\/sitio\/wp-content\/uploads\/2025\/11\/10-1000x1000.jpg\" alt=\"\" width=\"324\" height=\"324\" srcset=\"https:\/\/ens6-caba.infd.edu.ar\/sitio\/wp-content\/uploads\/2025\/11\/10-1000x1000.jpg 1000w, https:\/\/ens6-caba.infd.edu.ar\/sitio\/wp-content\/uploads\/2025\/11\/10-500x500.jpg 500w, https:\/\/ens6-caba.infd.edu.ar\/sitio\/wp-content\/uploads\/2025\/11\/10-768x768.jpg 768w, https:\/\/ens6-caba.infd.edu.ar\/sitio\/wp-content\/uploads\/2025\/11\/10.jpg 1080w\" sizes=\"(max-width: 324px) 100vw, 324px\" \/><\/p>\n<h4 data-start=\"590\" data-end=\"633\">&#x1f58c;&#xfe0f; <strong data-start=\"599\" data-end=\"631\">Dise\u00f1o de ESTAMPAS DIGITALES<\/strong><\/h4>\n<p data-start=\"634\" data-end=\"1034\">&#x1f551; <em data-start=\"637\" data-end=\"658\">Lunes de 14 a 16 hs<\/em><br data-start=\"658\" data-end=\"661\" \/>&#x1f469;&#x200d;&#x1f3eb; <em data-start=\"667\" data-end=\"690\">Prof. Celeste Adrogu\u00e9<\/em> \u2013 <a rel=\"noopener\" data-start=\"693\" data-end=\"719\">celeste.adrogue@bue.edu.ar<\/a><br data-start=\"719\" data-end=\"722\" \/>&#x1f4cd; <em data-start=\"725\" data-end=\"763\">Laboratorio de inform\u00e1tica \u2013 2\u00b0 piso<\/em><br data-start=\"763\" data-end=\"766\" \/>&#x1f5d3;&#xfe0f; <em data-start=\"770\" data-end=\"790\">Inicio: 11\/08\/2025<\/em><br data-start=\"790\" data-end=\"793\" \/>&#x27a1;&#xfe0f; Taller dividido en 2 m\u00f3dulos: <strong data-start=\"826\" data-end=\"857\">Photoshop (1\u00b0 cuatrimestre)<\/strong> y <strong data-start=\"860\" data-end=\"893\">Illustrator (2\u00b0 cuatrimestre)<\/strong><br data-start=\"893\" data-end=\"896\" \/>Exploraremos la creatividad, digitalizaci\u00f3n de elementos, an\u00e1lisis del mercado y adaptaci\u00f3n de dise\u00f1os a productos textiles y decorativos.<\/p>\n<p data-start=\"634\" data-end=\"1034\">\n<hr data-start=\"1036\" data-end=\"1039\" \/>\n<p><img decoding=\"async\" loading=\"lazy\" class=\"wp-image-7310 alignright\" src=\"https:\/\/ens6-caba.infd.edu.ar\/sitio\/wp-content\/uploads\/2025\/11\/11-1000x1000.jpg\" alt=\"\" width=\"331\" height=\"331\" srcset=\"https:\/\/ens6-caba.infd.edu.ar\/sitio\/wp-content\/uploads\/2025\/11\/11-1000x1000.jpg 1000w, https:\/\/ens6-caba.infd.edu.ar\/sitio\/wp-content\/uploads\/2025\/11\/11-500x500.jpg 500w, https:\/\/ens6-caba.infd.edu.ar\/sitio\/wp-content\/uploads\/2025\/11\/11-768x768.jpg 768w, https:\/\/ens6-caba.infd.edu.ar\/sitio\/wp-content\/uploads\/2025\/11\/11.jpg 1080w\" sizes=\"(max-width: 331px) 100vw, 331px\" \/><\/p>\n<h4 data-start=\"1041\" data-end=\"1089\"><\/h4>\n<h4 data-start=\"1041\" data-end=\"1089\">&#x1f9f5; <strong data-start=\"1049\" data-end=\"1087\">Molder\u00eda digital: AUDACES PATRONES<\/strong><\/h4>\n<p data-start=\"1090\" data-end=\"1439\">&#x1f555; <em data-start=\"1093\" data-end=\"1114\">Lunes de 18 a 20 hs<\/em><br data-start=\"1114\" data-end=\"1117\" \/>&#x1f469;&#x200d;&#x1f3eb; <em data-start=\"1123\" data-end=\"1147\">Prof. Carolina Lirussi<\/em> \u2013 <a rel=\"noopener\" data-start=\"1150\" data-end=\"1177\">patricia.lirussi@bue.edu.ar<\/a><br data-start=\"1177\" data-end=\"1180\" \/>&#x1f4cd; <em data-start=\"1183\" data-end=\"1221\">Laboratorio de inform\u00e1tica \u2013 2\u00b0 piso<\/em><br data-start=\"1221\" data-end=\"1224\" \/>&#x1f5d3;&#xfe0f; <em data-start=\"1228\" data-end=\"1248\">Inicio: 11\/08\/2025<\/em><br data-start=\"1248\" data-end=\"1251\" \/>&#x27a1;&#xfe0f; Construcci\u00f3n y producci\u00f3n de molder\u00eda digital. Progresiones, marcaci\u00f3n y preparaci\u00f3n para la tizada.<br data-start=\"1354\" data-end=\"1357\" \/>&#x1f4cc; <strong data-start=\"1360\" data-end=\"1375\">Requisitos:<\/strong> Conocimientos previos de molder\u00eda manual y manejo b\u00e1sico de PC.<\/p>\n<p data-start=\"1090\" data-end=\"1439\">\n<hr data-start=\"1441\" data-end=\"1444\" \/>\n<p><img decoding=\"async\" loading=\"lazy\" class=\"wp-image-7311 alignleft\" src=\"https:\/\/ens6-caba.infd.edu.ar\/sitio\/wp-content\/uploads\/2025\/11\/12-1000x1000.jpg\" alt=\"\" width=\"340\" height=\"340\" srcset=\"https:\/\/ens6-caba.infd.edu.ar\/sitio\/wp-content\/uploads\/2025\/11\/12-1000x1000.jpg 1000w, https:\/\/ens6-caba.infd.edu.ar\/sitio\/wp-content\/uploads\/2025\/11\/12-500x500.jpg 500w, https:\/\/ens6-caba.infd.edu.ar\/sitio\/wp-content\/uploads\/2025\/11\/12-768x768.jpg 768w, https:\/\/ens6-caba.infd.edu.ar\/sitio\/wp-content\/uploads\/2025\/11\/12.jpg 1080w\" sizes=\"(max-width: 340px) 100vw, 340px\" \/><\/p>\n<h4 data-start=\"1446\" data-end=\"1498\"><\/h4>\n<h4 data-start=\"1446\" data-end=\"1498\">&#x2702;&#xfe0f; <strong data-start=\"1454\" data-end=\"1496\">MOLDER\u00cdA integral para nuevos desaf\u00edos<\/strong><\/h4>\n<p data-start=\"1499\" data-end=\"1818\">&#x1f555; <em data-start=\"1502\" data-end=\"1527\">Martes de 18 a 20.40 hs<\/em><br data-start=\"1527\" data-end=\"1530\" \/>&#x1f469;&#x200d;&#x1f3eb; <em data-start=\"1536\" data-end=\"1553\">Prof. Rosa Frau<\/em> \u2013 <a rel=\"noopener\" data-start=\"1556\" data-end=\"1575\">erosafrau@gmail.com<\/a><br data-start=\"1575\" data-end=\"1578\" \/>&#x1f4cd; <em data-start=\"1581\" data-end=\"1606\">Aula de Corte \u2013 2\u00b0 piso<\/em><br data-start=\"1606\" data-end=\"1609\" \/>&#x1f5d3;&#xfe0f; <em data-start=\"1613\" data-end=\"1633\">Inicio: 12\/08\/2025<\/em><br data-start=\"1633\" data-end=\"1636\" \/>&#x27a1;&#xfe0f; Construcci\u00f3n de molder\u00eda con diferentes sistemas, t\u00e9cnicas tradicionales y actuales. Trazados base, transformaciones y progresiones en sistemas bidimensionales y tridimensionales.<\/p>\n<p data-start=\"1499\" data-end=\"1818\">\n<hr data-start=\"1820\" data-end=\"1823\" \/>\n<p><img decoding=\"async\" loading=\"lazy\" class=\"wp-image-7312 alignright\" src=\"https:\/\/ens6-caba.infd.edu.ar\/sitio\/wp-content\/uploads\/2025\/11\/13-1000x1000.jpg\" alt=\"\" width=\"367\" height=\"367\" srcset=\"https:\/\/ens6-caba.infd.edu.ar\/sitio\/wp-content\/uploads\/2025\/11\/13-1000x1000.jpg 1000w, https:\/\/ens6-caba.infd.edu.ar\/sitio\/wp-content\/uploads\/2025\/11\/13-500x500.jpg 500w, https:\/\/ens6-caba.infd.edu.ar\/sitio\/wp-content\/uploads\/2025\/11\/13-768x768.jpg 768w, https:\/\/ens6-caba.infd.edu.ar\/sitio\/wp-content\/uploads\/2025\/11\/13.jpg 1080w\" sizes=\"(max-width: 367px) 100vw, 367px\" \/><\/p>\n<h4 data-start=\"1825\" data-end=\"1892\"><\/h4>\n<h4 data-start=\"1825\" data-end=\"1892\">&#x1f459; <strong data-start=\"1833\" data-end=\"1890\">T\u00e9cnicas de confecci\u00f3n de CORSETER\u00cdA y trajes de ba\u00f1o<\/strong><\/h4>\n<p data-start=\"1893\" data-end=\"2166\">&#x1f552; <em data-start=\"1896\" data-end=\"1919\">Viernes de 14 a 17 hs<\/em><br data-start=\"1919\" data-end=\"1922\" \/>&#x1f469;&#x200d;&#x1f3eb; <em data-start=\"1928\" data-end=\"1950\">Prof. Marcela Ortega<\/em> \u2013 <a rel=\"noopener\" data-start=\"1953\" data-end=\"1983\">corseteria.tspi.2023@gmail.com<\/a><br data-start=\"1983\" data-end=\"1986\" \/>&#x1f4cd; <em data-start=\"1989\" data-end=\"2014\">Aula de Corte \u2013 2\u00b0 piso<\/em><br data-start=\"2014\" data-end=\"2017\" \/>&#x1f5d3;&#xfe0f; <em data-start=\"2021\" data-end=\"2041\">Inicio: 15\/08\/2025<\/em><br data-start=\"2041\" data-end=\"2044\" \/>&#x27a1;&#xfe0f; Molder\u00eda y confecci\u00f3n de bombachas, soutiens, batas, bodys, bikinis, trajes de ba\u00f1o, calzas, ropa interior y de dormir.<\/p>\n<h4><\/h4>\n","protected":false},"excerpt":{"rendered":"<p>&#x1f4a5; \u00a1Abiertos a toda la comunidad! &#x1f4cc;Inscripci\u00f3n online: Completa el formulario &#x1f449;aqu\u00ed&#x1f4b2;Valor: Aporte voluntario a la cooperadora escolar &#x1f4cc; IMPORTANTE:Para confirmar la vacante, es obligatorio asistir a la primera clase\/charla informativa, donde se validar\u00e1n los datos de inscripci\u00f3n. &#x1f4c4; Adem\u00e1s, se deber\u00e1 presentar en Bedel\u00eda 2\u00b0 piso original y copia del DNI, en el horario &#8230; <a title=\"CURSOS DE CAPACITACI\u00d3N 2025\" class=\"read-more\" href=\"https:\/\/ens6-caba.infd.edu.ar\/sitio\/cursos-extracurriculares-2022\/\" aria-label=\"More on CURSOS DE CAPACITACI\u00d3N 2025\">[+]<\/a><\/p>\n","protected":false},"author":1582,"featured_media":0,"parent":0,"menu_order":0,"comment_status":"closed","ping_status":"closed","template":"","meta":[],"acf":[],"_links":{"self":[{"href":"https:\/\/ens6-caba.infd.edu.ar\/sitio\/wp-json\/wp\/v2\/pages\/3172"}],"collection":[{"href":"https:\/\/ens6-caba.infd.edu.ar\/sitio\/wp-json\/wp\/v2\/pages"}],"about":[{"href":"https:\/\/ens6-caba.infd.edu.ar\/sitio\/wp-json\/wp\/v2\/types\/page"}],"author":[{"embeddable":true,"href":"https:\/\/ens6-caba.infd.edu.ar\/sitio\/wp-json\/wp\/v2\/users\/1582"}],"replies":[{"embeddable":true,"href":"https:\/\/ens6-caba.infd.edu.ar\/sitio\/wp-json\/wp\/v2\/comments?post=3172"}],"version-history":[{"count":85,"href":"https:\/\/ens6-caba.infd.edu.ar\/sitio\/wp-json\/wp\/v2\/pages\/3172\/revisions"}],"predecessor-version":[{"id":7318,"href":"https:\/\/ens6-caba.infd.edu.ar\/sitio\/wp-json\/wp\/v2\/pages\/3172\/revisions\/7318"}],"wp:attachment":[{"href":"https:\/\/ens6-caba.infd.edu.ar\/sitio\/wp-json\/wp\/v2\/media?parent=3172"}],"curies":[{"name":"wp","href":"https:\/\/api.w.org\/{rel}","templated":true}]}}