{"id":2353,"date":"2019-10-22T22:42:37","date_gmt":"2019-10-23T01:42:37","guid":{"rendered":"https:\/\/ens6-caba.infd.edu.ar\/sitio\/?page_id=2353"},"modified":"2019-10-22T22:42:37","modified_gmt":"2019-10-23T01:42:37","slug":"encuentro-con-sofia-egana-integrante-del-equipo-argentino-de-antropologia-forense","status":"publish","type":"page","link":"https:\/\/ens6-caba.infd.edu.ar\/sitio\/encuentro-con-sofia-egana-integrante-del-equipo-argentino-de-antropologia-forense\/","title":{"rendered":"Encuentro con Sof\u00eda Ega\u00f1a, integrante del Equipo Argentino de Antropolog\u00eda Forense"},"content":{"rendered":"<p>En el marco del <a href=\"https:\/\/memorianormal6.blogspot.com\/\">Proyecto Memoria<\/a> el 7 de octubre de 2019 Sof\u00eda Ega\u00f1a, integrante del\u00a0<a href=\"https:\/\/eaaf.typepad.com\/eaaf__sp\/\" target=\"_blank\" rel=\"noopener\">Equipo Argentino de Antropolog\u00eda Forense<\/a>\u00a0(EAAF) brind\u00f3 una charla sobre las tareas que desarrolla la ONG.<\/p>\n<p><img decoding=\"async\" loading=\"lazy\" class=\"aligncenter  wp-image-2354\" src=\"https:\/\/ens6-caba.infd.edu.ar\/sitio\/wp-content\/uploads\/2019\/10\/2-y-10-1000x775.jpg\" alt=\"\" width=\"578\" height=\"448\" srcset=\"https:\/\/ens6-caba.infd.edu.ar\/sitio\/wp-content\/uploads\/2019\/10\/2-y-10-1000x775.jpg 1000w, https:\/\/ens6-caba.infd.edu.ar\/sitio\/wp-content\/uploads\/2019\/10\/2-y-10-768x595.jpg 768w, https:\/\/ens6-caba.infd.edu.ar\/sitio\/wp-content\/uploads\/2019\/10\/2-y-10.jpg 1145w\" sizes=\"(max-width: 578px) 100vw, 578px\" \/><\/p>\n<p><img decoding=\"async\" loading=\"lazy\" class=\"aligncenter  wp-image-2355\" src=\"https:\/\/ens6-caba.infd.edu.ar\/sitio\/wp-content\/uploads\/2019\/10\/Encuentro-EAAF-9-1000x563.jpeg\" alt=\"\" width=\"722\" height=\"406\" srcset=\"https:\/\/ens6-caba.infd.edu.ar\/sitio\/wp-content\/uploads\/2019\/10\/Encuentro-EAAF-9-1000x563.jpeg 1000w, https:\/\/ens6-caba.infd.edu.ar\/sitio\/wp-content\/uploads\/2019\/10\/Encuentro-EAAF-9-768x432.jpeg 768w, https:\/\/ens6-caba.infd.edu.ar\/sitio\/wp-content\/uploads\/2019\/10\/Encuentro-EAAF-9.jpeg 1280w\" sizes=\"(max-width: 722px) 100vw, 722px\" \/><\/p>\n<p>Contamos con la presencia de alumnas del Profesorado de Educaci\u00f3n Inicial, docentes, familiares de alumnas desaparecidas por el terrorismo de Estado y un representante de Memoria Palermo. Dicha asociaci\u00f3n nos acerc\u00f3 la siguiente adhesi\u00f3n:<\/p>\n<p><img decoding=\"async\" loading=\"lazy\" class=\"aligncenter  wp-image-2356\" src=\"https:\/\/ens6-caba.infd.edu.ar\/sitio\/wp-content\/uploads\/2019\/10\/Adhesi\u00f3n-Memoria-Palermo-707x1000.jpg\" alt=\"\" width=\"613\" height=\"867\" srcset=\"https:\/\/ens6-caba.infd.edu.ar\/sitio\/wp-content\/uploads\/2019\/10\/Adhesi\u00f3n-Memoria-Palermo-707x1000.jpg 707w, https:\/\/ens6-caba.infd.edu.ar\/sitio\/wp-content\/uploads\/2019\/10\/Adhesi\u00f3n-Memoria-Palermo-768x1086.jpg 768w, https:\/\/ens6-caba.infd.edu.ar\/sitio\/wp-content\/uploads\/2019\/10\/Adhesi\u00f3n-Memoria-Palermo-1344x1900.jpg 1344w\" sizes=\"(max-width: 613px) 100vw, 613px\" \/><\/p>\n<p><img decoding=\"async\" loading=\"lazy\" class=\"aligncenter  wp-image-2357\" src=\"https:\/\/ens6-caba.infd.edu.ar\/sitio\/wp-content\/uploads\/2019\/10\/1-y-6-1000x744.jpg\" alt=\"\" width=\"714\" height=\"531\" srcset=\"https:\/\/ens6-caba.infd.edu.ar\/sitio\/wp-content\/uploads\/2019\/10\/1-y-6-1000x744.jpg 1000w, https:\/\/ens6-caba.infd.edu.ar\/sitio\/wp-content\/uploads\/2019\/10\/1-y-6-768x571.jpg 768w, https:\/\/ens6-caba.infd.edu.ar\/sitio\/wp-content\/uploads\/2019\/10\/1-y-6.jpg 1193w\" sizes=\"(max-width: 714px) 100vw, 714px\" \/><\/p>\n<p><img decoding=\"async\" loading=\"lazy\" class=\"aligncenter  wp-image-2358\" src=\"https:\/\/ens6-caba.infd.edu.ar\/sitio\/wp-content\/uploads\/2019\/10\/Encuentro-EAAF-7-1000x563.jpeg\" alt=\"\" width=\"671\" height=\"378\" srcset=\"https:\/\/ens6-caba.infd.edu.ar\/sitio\/wp-content\/uploads\/2019\/10\/Encuentro-EAAF-7-1000x563.jpeg 1000w, https:\/\/ens6-caba.infd.edu.ar\/sitio\/wp-content\/uploads\/2019\/10\/Encuentro-EAAF-7-768x432.jpeg 768w, https:\/\/ens6-caba.infd.edu.ar\/sitio\/wp-content\/uploads\/2019\/10\/Encuentro-EAAF-7.jpeg 1280w\" sizes=\"(max-width: 671px) 100vw, 671px\" \/><\/p>\n<p>&nbsp;<\/p>\n","protected":false},"excerpt":{"rendered":"<p>En el marco del Proyecto Memoria el 7 de octubre de 2019 Sof\u00eda Ega\u00f1a, integrante del\u00a0Equipo Argentino de Antropolog\u00eda Forense\u00a0(EAAF) brind\u00f3 una charla sobre las tareas que desarrolla la ONG. Contamos con la presencia de alumnas del Profesorado de Educaci\u00f3n Inicial, docentes, familiares de alumnas desaparecidas por el terrorismo de Estado y un representante de &#8230; <a title=\"Encuentro con Sof\u00eda Ega\u00f1a, integrante del Equipo Argentino de Antropolog\u00eda Forense\" class=\"read-more\" href=\"https:\/\/ens6-caba.infd.edu.ar\/sitio\/encuentro-con-sofia-egana-integrante-del-equipo-argentino-de-antropologia-forense\/\" aria-label=\"More on Encuentro con Sof\u00eda Ega\u00f1a, integrante del Equipo Argentino de Antropolog\u00eda Forense\">[+]<\/a><\/p>\n","protected":false},"author":663,"featured_media":0,"parent":0,"menu_order":0,"comment_status":"closed","ping_status":"closed","template":"","meta":[],"acf":[],"_links":{"self":[{"href":"https:\/\/ens6-caba.infd.edu.ar\/sitio\/wp-json\/wp\/v2\/pages\/2353"}],"collection":[{"href":"https:\/\/ens6-caba.infd.edu.ar\/sitio\/wp-json\/wp\/v2\/pages"}],"about":[{"href":"https:\/\/ens6-caba.infd.edu.ar\/sitio\/wp-json\/wp\/v2\/types\/page"}],"author":[{"embeddable":true,"href":"https:\/\/ens6-caba.infd.edu.ar\/sitio\/wp-json\/wp\/v2\/users\/663"}],"replies":[{"embeddable":true,"href":"https:\/\/ens6-caba.infd.edu.ar\/sitio\/wp-json\/wp\/v2\/comments?post=2353"}],"version-history":[{"count":1,"href":"https:\/\/ens6-caba.infd.edu.ar\/sitio\/wp-json\/wp\/v2\/pages\/2353\/revisions"}],"predecessor-version":[{"id":2359,"href":"https:\/\/ens6-caba.infd.edu.ar\/sitio\/wp-json\/wp\/v2\/pages\/2353\/revisions\/2359"}],"wp:attachment":[{"href":"https:\/\/ens6-caba.infd.edu.ar\/sitio\/wp-json\/wp\/v2\/media?parent=2353"}],"curies":[{"name":"wp","href":"https:\/\/api.w.org\/{rel}","templated":true}]}}