{"id":2142,"date":"2019-07-13T12:21:10","date_gmt":"2019-07-13T15:21:10","guid":{"rendered":"https:\/\/ens6-caba.infd.edu.ar\/sitio\/?page_id=2142"},"modified":"2025-12-01T20:08:26","modified_gmt":"2025-12-01T23:08:26","slug":"novedades-del-pei","status":"publish","type":"page","link":"https:\/\/ens6-caba.infd.edu.ar\/sitio\/novedades-del-pei\/","title":{"rendered":"TENES QUE INSCRIBIRTE A LOS LLAMADOS DE EX\u00c1MENES FINALES POR EL SISTEMA SIU GUARAN\u00cd"},"content":{"rendered":"\n<p><\/p>\n\n\n\n<p><strong>La inscripci\u00f3n a ex\u00e1menes finales ser\u00e1n los d\u00edas 1\/12 y 2\/12 <\/strong><\/p>\n\n\n\n<p>&nbsp;Los&nbsp;<strong>ex\u00e1menes finales&nbsp;<\/strong>ser\u00e1n del<strong>&nbsp;9 al 12 de diciembre&nbsp;(1er llamado)<\/strong>&nbsp;&nbsp;y del&nbsp;<strong>15 de al 19 de julio (2do llamado)<\/strong><\/p>\n\n\n\n<p>Para prevenir posibles problemas con el ingreso, les pedimos que&nbsp;<strong>intenten entrar a sus cuentas en los pr\u00f3ximos d\u00edas<\/strong>.&nbsp;La direcci\u00f3n de SIU es&nbsp;<\/p>\n\n\n\n<p><a href=\"https:\/\/guarani-autogestionfdocente.bue.edu.ar\/\">https:\/\/guarani-autogestionfdocente.bue.edu.ar\/<\/a><\/p>\n\n\n\n<p>El usuario siempre es el DNI y, si no recuerdan la contrase\u00f1a, se les enviar\u00e1 un correo de recuperaci\u00f3n a la direcci\u00f3n de mail con la que se inscribieron.\u00a0<strong>Si no\u00a0tienen acceso a esa direcci\u00f3n, deben pedir el cambio de mail en Bedel\u00eda o al profesor Marcos Candelino\u00a0<\/strong><a rel=\"noreferrer noopener\" href=\"mailto:marcos.candelino@bue.edu.ar\" target=\"_blank\">marcos.candelino@bue.edu.ar<\/a>\u00a0<\/p>\n\n\n\n<figure class=\"wp-block-image size-full\"><img decoding=\"async\" loading=\"lazy\" width=\"826\" height=\"625\" src=\"https:\/\/ens6-caba.infd.edu.ar\/sitio\/wp-content\/uploads\/2025\/12\/image-2.png\" alt=\"\" class=\"wp-image-7508\" srcset=\"https:\/\/ens6-caba.infd.edu.ar\/sitio\/wp-content\/uploads\/2025\/12\/image-2.png 826w, https:\/\/ens6-caba.infd.edu.ar\/sitio\/wp-content\/uploads\/2025\/12\/image-2-768x581.png 768w\" sizes=\"(max-width: 826px) 100vw, 826px\" \/><\/figure>\n\n\n\n<figure class=\"wp-block-image size-full\"><img decoding=\"async\" loading=\"lazy\" width=\"747\" height=\"613\" src=\"https:\/\/ens6-caba.infd.edu.ar\/sitio\/wp-content\/uploads\/2025\/12\/image-3.png\" alt=\"\" class=\"wp-image-7511\"\/><\/figure>\n\n\n\n<figure class=\"wp-block-image\"><img decoding=\"async\" src=\"blob:https:\/\/ens6-caba.infd.edu.ar\/3d017dd3-9695-4cfa-976f-6b518c1fb3c8\" alt=\"\"\/><\/figure>\n\n\n<h3>\u00a0<\/h3>\n<p>\u00a0<\/p>\n\n","protected":false},"excerpt":{"rendered":"<p>La inscripci\u00f3n a ex\u00e1menes finales ser\u00e1n los d\u00edas 1\/12 y 2\/12 &nbsp;Los&nbsp;ex\u00e1menes finales&nbsp;ser\u00e1n del&nbsp;9 al 12 de diciembre&nbsp;(1er llamado)&nbsp;&nbsp;y del&nbsp;15 de al 19 de julio (2do llamado) Para prevenir posibles problemas con el ingreso, les pedimos que&nbsp;intenten entrar a sus cuentas en los pr\u00f3ximos d\u00edas.&nbsp;La direcci\u00f3n de SIU es&nbsp; https:\/\/guarani-autogestionfdocente.bue.edu.ar\/ El usuario siempre es el &#8230; <a title=\"TENES QUE INSCRIBIRTE A LOS LLAMADOS DE EX\u00c1MENES FINALES POR EL SISTEMA SIU GUARAN\u00cd\" class=\"read-more\" href=\"https:\/\/ens6-caba.infd.edu.ar\/sitio\/novedades-del-pei\/\" aria-label=\"More on TENES QUE INSCRIBIRTE A LOS LLAMADOS DE EX\u00c1MENES FINALES POR EL SISTEMA SIU GUARAN\u00cd\">[+]<\/a><\/p>\n","protected":false},"author":663,"featured_media":0,"parent":0,"menu_order":0,"comment_status":"closed","ping_status":"closed","template":"","meta":[],"acf":[],"_links":{"self":[{"href":"https:\/\/ens6-caba.infd.edu.ar\/sitio\/wp-json\/wp\/v2\/pages\/2142"}],"collection":[{"href":"https:\/\/ens6-caba.infd.edu.ar\/sitio\/wp-json\/wp\/v2\/pages"}],"about":[{"href":"https:\/\/ens6-caba.infd.edu.ar\/sitio\/wp-json\/wp\/v2\/types\/page"}],"author":[{"embeddable":true,"href":"https:\/\/ens6-caba.infd.edu.ar\/sitio\/wp-json\/wp\/v2\/users\/663"}],"replies":[{"embeddable":true,"href":"https:\/\/ens6-caba.infd.edu.ar\/sitio\/wp-json\/wp\/v2\/comments?post=2142"}],"version-history":[{"count":47,"href":"https:\/\/ens6-caba.infd.edu.ar\/sitio\/wp-json\/wp\/v2\/pages\/2142\/revisions"}],"predecessor-version":[{"id":7512,"href":"https:\/\/ens6-caba.infd.edu.ar\/sitio\/wp-json\/wp\/v2\/pages\/2142\/revisions\/7512"}],"wp:attachment":[{"href":"https:\/\/ens6-caba.infd.edu.ar\/sitio\/wp-json\/wp\/v2\/media?parent=2142"}],"curies":[{"name":"wp","href":"https:\/\/api.w.org\/{rel}","templated":true}]}}