{"id":1976,"date":"2019-03-24T00:22:06","date_gmt":"2019-03-24T03:22:06","guid":{"rendered":"https:\/\/ens6-caba.infd.edu.ar\/sitio\/?page_id=1976"},"modified":"2026-04-10T19:48:47","modified_gmt":"2026-04-10T22:48:47","slug":"becas","status":"publish","type":"page","link":"https:\/\/ens6-caba.infd.edu.ar\/sitio\/becas\/","title":{"rendered":"Becas"},"content":{"rendered":"<h2 style=\"text-align: center;\"><strong>Informaci\u00f3n sobre becas\u00a0<\/strong><\/h2>\n<p>Existen 3 l\u00edneas de becas:<\/p>\n<h3><strong>&#8211; BECA REFRIGERIO 2026<\/strong><\/h3>\n<p><b>TODOS LOS ESTUDIANTES DEBEN INGRESAR POR LA SOLAPA \u201cSOLICITUD DE BECA EN LINEA\u201d<\/b><\/p>\n<p><span style=\"font-weight: 400;\">El Formulario de Solicitud deber\u00e1 ser completado a trav\u00e9s de un formulario en l\u00ednea dise\u00f1ado espec\u00edficamente a tal fin, en el cual se deber\u00e1 adjuntar la documentaci\u00f3n pertinente. Los interesados en solicitar la beca alimentaria deben completar el Formulario en l\u00ednea ingresando a la p\u00e1gina <\/span><a href=\"http:\/\/becasalimentarias.buenosaires.gob.ar\/\"><span style=\"font-weight: 400;\">http:\/\/becasalimentarias.buenosaires.gob.ar\/<\/span><\/a><\/p>\n<p><span style=\"font-weight: 400;\">Instructivos:\u00a0 <\/span><a href=\"https:\/\/share.google\/2dWZovRDubj89Dl6s\"><span style=\"font-weight: 400;\">https:\/\/share.google\/2dWZovRDubj89Dl6s<\/span><\/a><\/p>\n<p><b>DOCUMENTACI\u00d3N QUE DEBE ACOMPA\u00d1AR A LA \u201cSOLICITUD DE BECA\u201d:\u00a0<\/b><\/p>\n<ol>\n<li><span style=\"font-weight: 400;\"> Documento del estudiante.\u00a0<\/span><\/li>\n<li><span style=\"font-weight: 400;\"> Documentos que certifiquen los ingresos declarados de todos los miembros que conviven con el estudiante que solicita la beca.\u00a0 (es obligatorio presentar un certificado por estudiante). <\/span><span style=\"font-weight: 400;\">No deben superar el equivalente al sueldo m\u00ednimo fijado en el convenio para empleados de comercio, multiplicado por 2,5.<\/span><\/li>\n<li><span style=\"font-weight: 400;\"> En caso de trabajar en relaci\u00f3n de dependencia, se deber\u00e1 adjuntar el \u00faltimo recibo de sueldo; si se trata de un trabajo informal, se deber\u00e1 adjuntar una declaraci\u00f3n jurada de ingresos junto a la Certificaci\u00f3n Negativa de ANSES; y en el caso de no percibir ingresos, se deber\u00e1 \u00fanicamente adjuntar la Certificaci\u00f3n Negativa de ANSES.<\/span><\/li>\n<li><span style=\"font-weight: 400;\"> Si la falta de documentaci\u00f3n no permite emitir la Certificaci\u00f3n Negativa de ANSES (por residencia precaria, pasaporte extranjero, etc.), se deber\u00e1 completar y adjuntar una declaraci\u00f3n jurada de ingresos en la que adem\u00e1s se deja asentado el motivo por el cual no se puede llevar a cabo dicha certificaci\u00f3n.\u00a0<\/span><\/li>\n<li><span style=\"font-weight: 400;\"> En el caso de que alg\u00fan familiar se encuentre afectado por una enfermedad cr\u00f3nica, se deber\u00e1 adjuntar el comprobante de salud correspondiente y los comprobantes de los gastos causados por dicha enfermedad.<\/span><\/li>\n<\/ol>\n<p><span style=\"font-weight: 400;\">Pasos a seguir<\/span><\/p>\n<p><img decoding=\"async\" loading=\"lazy\" class=\"alignnone size-full wp-image-7881\" src=\"https:\/\/ens6-caba.infd.edu.ar\/sitio\/wp-content\/uploads\/2026\/03\/BECA-ALIMENTICIA-1.png\" alt=\"\" width=\"726\" height=\"355\" \/><\/p>\n<p><img decoding=\"async\" loading=\"lazy\" class=\"alignnone  wp-image-7882\" src=\"https:\/\/ens6-caba.infd.edu.ar\/sitio\/wp-content\/uploads\/2026\/03\/BECA-ALIMENTICIA-2.png\" alt=\"\" width=\"713\" height=\"403\" \/><img decoding=\"async\" loading=\"lazy\" class=\"alignnone size-full wp-image-7883\" src=\"https:\/\/ens6-caba.infd.edu.ar\/sitio\/wp-content\/uploads\/2026\/03\/BECA-ALIMENTICIA-3.png\" alt=\"\" width=\"715\" height=\"402\" \/><\/p>\n<p style=\"text-align: center;\">.<img decoding=\"async\" loading=\"lazy\" class=\"alignleft wp-image-7882 size-full\" src=\"https:\/\/ens6-caba.infd.edu.ar\/sitio\/wp-content\/uploads\/2026\/03\/BECA-ALIMENTICIA-2.png\" alt=\"\" width=\"653\" height=\"369\" \/><img decoding=\"async\" loading=\"lazy\" class=\"size-medium wp-image-7884 alignleft\" src=\"https:\/\/ens6-caba.infd.edu.ar\/sitio\/wp-content\/uploads\/2026\/03\/BECA-ALIMENTICIA-4.png\" alt=\"\" width=\"712\" height=\"410\" \/><\/p>\n<h2>\u00a0<\/h2>\n<h2>\u00a0<\/h2>\n<h2>\u00a0<\/h2>\n<h2>\u00a0<\/h2>\n<h2>\u00a0<\/h2>\n<h2>\u00a0<\/h2>\n<h2>\u00a0<\/h2>\n<h2>\u00a0<\/h2>\n<h2>\u00a0<\/h2>\n<h2>\u00a0<\/h2>\n<h2>\u00a0<\/h2>\n<h2>\u00a0<\/h2>\n<h2>\u00a0<\/h2>\n<h2>\u00a0<\/h2>\n<h2>\u00a0<\/h2>\n<h2><img decoding=\"async\" loading=\"lazy\" class=\"alignnone size-full wp-image-7885\" src=\"https:\/\/ens6-caba.infd.edu.ar\/sitio\/wp-content\/uploads\/2026\/03\/BECA-ALIMENTICIA-5.png\" alt=\"\" width=\"709\" height=\"402\" \/><\/h2>\n<p>SEGUIR LA SECUENCIA DE PASOS SUBIENDO LOS DOCUMENTOS REQUERIDOS HASTA LLEGAR A \u201cFIN\u201d<\/p>\n<p>UNA VEZ FINALIZADA LA CARGA COMPLETAR EL SIGUIENTE FORMULARIO GOOGLE<\/p>\n<p><a href=\"https:\/\/forms.gle\/gGV7ffDpp4eELk2D8\">https:\/\/forms.gle\/gGV7ffDpp4eELk2D8<\/a><\/p>\n<p>Cualquier duda consulta con la referente de tu carrera<\/p>\n<h2><strong>&#8211; BECAS PROGRESAR:\u00a0<\/strong><\/h2>\n<p><img decoding=\"async\" loading=\"lazy\" class=\"alignnone size-full wp-image-7912\" src=\"https:\/\/ens6-caba.infd.edu.ar\/sitio\/wp-content\/uploads\/2026\/04\/progresar-1.png\" alt=\"\" width=\"347\" height=\"619\" \/><\/p>\n<p><img decoding=\"async\" loading=\"lazy\" class=\"alignnone size-full wp-image-7913\" src=\"https:\/\/ens6-caba.infd.edu.ar\/sitio\/wp-content\/uploads\/2026\/04\/progresar-2.png\" alt=\"\" width=\"351\" height=\"625\" \/><\/p>\n<p><img decoding=\"async\" loading=\"lazy\" class=\"alignnone size-full wp-image-7916\" src=\"https:\/\/ens6-caba.infd.edu.ar\/sitio\/wp-content\/uploads\/2026\/04\/PROGRESAR-3.png\" alt=\"\" width=\"343\" height=\"603\" \/><\/p>\n<p><img decoding=\"async\" loading=\"lazy\" class=\"alignnone size-full wp-image-7919\" src=\"https:\/\/ens6-caba.infd.edu.ar\/sitio\/wp-content\/uploads\/2026\/04\/PROGRESAR-6.png\" alt=\"\" width=\"350\" height=\"618\" \/><\/p>\n<p><img decoding=\"async\" loading=\"lazy\" class=\"alignnone size-full wp-image-7921\" src=\"https:\/\/ens6-caba.infd.edu.ar\/sitio\/wp-content\/uploads\/2026\/04\/PROGRSAR7.png\" alt=\"\" width=\"350\" height=\"629\" \/><\/p>\n<p><img decoding=\"async\" loading=\"lazy\" class=\"alignnone size-full wp-image-7922\" src=\"https:\/\/ens6-caba.infd.edu.ar\/sitio\/wp-content\/uploads\/2026\/04\/PROGRESAR-8.png\" alt=\"\" width=\"344\" height=\"631\" \/><\/p>\n<p><img decoding=\"async\" loading=\"lazy\" class=\"alignnone size-full wp-image-7926\" src=\"https:\/\/ens6-caba.infd.edu.ar\/sitio\/wp-content\/uploads\/2026\/04\/INSTUCTIVO-1.png\" alt=\"\" width=\"793\" height=\"431\" srcset=\"https:\/\/ens6-caba.infd.edu.ar\/sitio\/wp-content\/uploads\/2026\/04\/INSTUCTIVO-1.png 793w, https:\/\/ens6-caba.infd.edu.ar\/sitio\/wp-content\/uploads\/2026\/04\/INSTUCTIVO-1-768x417.png 768w\" sizes=\"(max-width: 793px) 100vw, 793px\" \/><\/p>\n<p><img decoding=\"async\" loading=\"lazy\" class=\"alignnone size-full wp-image-7927\" src=\"https:\/\/ens6-caba.infd.edu.ar\/sitio\/wp-content\/uploads\/2026\/04\/INSTUCTIVO-2.png\" alt=\"\" width=\"787\" height=\"436\" srcset=\"https:\/\/ens6-caba.infd.edu.ar\/sitio\/wp-content\/uploads\/2026\/04\/INSTUCTIVO-2.png 787w, https:\/\/ens6-caba.infd.edu.ar\/sitio\/wp-content\/uploads\/2026\/04\/INSTUCTIVO-2-768x425.png 768w\" sizes=\"(max-width: 787px) 100vw, 787px\" \/><\/p>\n<p><img decoding=\"async\" loading=\"lazy\" class=\"alignnone size-full wp-image-7933\" src=\"https:\/\/ens6-caba.infd.edu.ar\/sitio\/wp-content\/uploads\/2026\/04\/INSTRUCTIVO-3-1.png\" alt=\"\" width=\"794\" height=\"450\" srcset=\"https:\/\/ens6-caba.infd.edu.ar\/sitio\/wp-content\/uploads\/2026\/04\/INSTRUCTIVO-3-1.png 794w, https:\/\/ens6-caba.infd.edu.ar\/sitio\/wp-content\/uploads\/2026\/04\/INSTRUCTIVO-3-1-768x435.png 768w\" sizes=\"(max-width: 794px) 100vw, 794px\" \/><\/p>\n<p><img decoding=\"async\" loading=\"lazy\" class=\"alignnone size-full wp-image-7935\" src=\"https:\/\/ens6-caba.infd.edu.ar\/sitio\/wp-content\/uploads\/2026\/04\/INSTUCTIVO-4.png\" alt=\"\" width=\"797\" height=\"507\" srcset=\"https:\/\/ens6-caba.infd.edu.ar\/sitio\/wp-content\/uploads\/2026\/04\/INSTUCTIVO-4.png 797w, https:\/\/ens6-caba.infd.edu.ar\/sitio\/wp-content\/uploads\/2026\/04\/INSTUCTIVO-4-768x489.png 768w\" sizes=\"(max-width: 797px) 100vw, 797px\" \/><\/p>\n<p><img decoding=\"async\" loading=\"lazy\" class=\"alignnone size-full wp-image-7936\" src=\"https:\/\/ens6-caba.infd.edu.ar\/sitio\/wp-content\/uploads\/2026\/04\/INSTRUCTIVO-5.png\" alt=\"\" width=\"797\" height=\"508\" srcset=\"https:\/\/ens6-caba.infd.edu.ar\/sitio\/wp-content\/uploads\/2026\/04\/INSTRUCTIVO-5.png 797w, https:\/\/ens6-caba.infd.edu.ar\/sitio\/wp-content\/uploads\/2026\/04\/INSTRUCTIVO-5-768x490.png 768w\" sizes=\"(max-width: 797px) 100vw, 797px\" \/><\/p>\n<p><img decoding=\"async\" loading=\"lazy\" class=\"alignnone size-full wp-image-7938\" src=\"https:\/\/ens6-caba.infd.edu.ar\/sitio\/wp-content\/uploads\/2026\/04\/INSTUCTIVO-6.png\" alt=\"\" width=\"798\" height=\"446\" srcset=\"https:\/\/ens6-caba.infd.edu.ar\/sitio\/wp-content\/uploads\/2026\/04\/INSTUCTIVO-6.png 798w, https:\/\/ens6-caba.infd.edu.ar\/sitio\/wp-content\/uploads\/2026\/04\/INSTUCTIVO-6-768x429.png 768w\" sizes=\"(max-width: 798px) 100vw, 798px\" \/><\/p>\n<p><img decoding=\"async\" loading=\"lazy\" class=\"alignnone size-full wp-image-7940\" src=\"https:\/\/ens6-caba.infd.edu.ar\/sitio\/wp-content\/uploads\/2026\/04\/INSTRUCTIVO-7.png\" alt=\"\" width=\"799\" height=\"515\" srcset=\"https:\/\/ens6-caba.infd.edu.ar\/sitio\/wp-content\/uploads\/2026\/04\/INSTRUCTIVO-7.png 799w, https:\/\/ens6-caba.infd.edu.ar\/sitio\/wp-content\/uploads\/2026\/04\/INSTRUCTIVO-7-768x495.png 768w\" sizes=\"(max-width: 799px) 100vw, 799px\" \/><\/p>\n<p><img decoding=\"async\" loading=\"lazy\" class=\"alignnone  wp-image-7941\" src=\"https:\/\/ens6-caba.infd.edu.ar\/sitio\/wp-content\/uploads\/2026\/04\/INSTRUCTIVO-8.png\" alt=\"\" width=\"796\" height=\"507\" srcset=\"https:\/\/ens6-caba.infd.edu.ar\/sitio\/wp-content\/uploads\/2026\/04\/INSTRUCTIVO-8.png 794w, https:\/\/ens6-caba.infd.edu.ar\/sitio\/wp-content\/uploads\/2026\/04\/INSTRUCTIVO-8-768x489.png 768w\" sizes=\"(max-width: 796px) 100vw, 796px\" \/><\/p>\n<p><img decoding=\"async\" loading=\"lazy\" class=\"wp-image-8011 alignleft\" src=\"https:\/\/ens6-caba.infd.edu.ar\/sitio\/wp-content\/uploads\/2026\/04\/8-1000x492.png\" alt=\"\" width=\"881\" height=\"433\" srcset=\"https:\/\/ens6-caba.infd.edu.ar\/sitio\/wp-content\/uploads\/2026\/04\/8-1000x492.png 1000w, https:\/\/ens6-caba.infd.edu.ar\/sitio\/wp-content\/uploads\/2026\/04\/8-768x378.png 768w, https:\/\/ens6-caba.infd.edu.ar\/sitio\/wp-content\/uploads\/2026\/04\/8.png 1199w\" sizes=\"(max-width: 881px) 100vw, 881px\" \/><\/p>\n<p>\u00a0<\/p>\n<p>\u00a0<\/p>\n<p>\u00a0<\/p>\n<p>\u00a0<\/p>\n<p>\u00a0<\/p>\n<p>\u00a0<\/p>\n<p>\u00a0<\/p>\n<p>\u00a0<\/p>\n<p>\u00a0<\/p>\n<p><img decoding=\"async\" loading=\"lazy\" class=\"alignnone size-medium wp-image-8013\" src=\"https:\/\/ens6-caba.infd.edu.ar\/sitio\/wp-content\/uploads\/2026\/04\/9-1000x559.png\" alt=\"\" width=\"1000\" height=\"559\" srcset=\"https:\/\/ens6-caba.infd.edu.ar\/sitio\/wp-content\/uploads\/2026\/04\/9-1000x559.png 1000w, https:\/\/ens6-caba.infd.edu.ar\/sitio\/wp-content\/uploads\/2026\/04\/9-768x429.png 768w, https:\/\/ens6-caba.infd.edu.ar\/sitio\/wp-content\/uploads\/2026\/04\/9.png 1192w\" sizes=\"(max-width: 1000px) 100vw, 1000px\" \/><\/p>\n<p><img decoding=\"async\" loading=\"lazy\" class=\"alignnone size-medium wp-image-8018\" src=\"https:\/\/ens6-caba.infd.edu.ar\/sitio\/wp-content\/uploads\/2026\/04\/10-1000x562.png\" alt=\"\" width=\"1000\" height=\"562\" srcset=\"https:\/\/ens6-caba.infd.edu.ar\/sitio\/wp-content\/uploads\/2026\/04\/10-1000x562.png 1000w, https:\/\/ens6-caba.infd.edu.ar\/sitio\/wp-content\/uploads\/2026\/04\/10-768x432.png 768w, https:\/\/ens6-caba.infd.edu.ar\/sitio\/wp-content\/uploads\/2026\/04\/10.png 1196w\" sizes=\"(max-width: 1000px) 100vw, 1000px\" \/><\/p>\n<p><img decoding=\"async\" loading=\"lazy\" class=\"alignnone size-medium wp-image-8020\" src=\"https:\/\/ens6-caba.infd.edu.ar\/sitio\/wp-content\/uploads\/2026\/04\/11-1000x562.png\" alt=\"\" width=\"1000\" height=\"562\" srcset=\"https:\/\/ens6-caba.infd.edu.ar\/sitio\/wp-content\/uploads\/2026\/04\/11-1000x562.png 1000w, https:\/\/ens6-caba.infd.edu.ar\/sitio\/wp-content\/uploads\/2026\/04\/11-768x432.png 768w, https:\/\/ens6-caba.infd.edu.ar\/sitio\/wp-content\/uploads\/2026\/04\/11.png 1188w\" sizes=\"(max-width: 1000px) 100vw, 1000px\" \/><img decoding=\"async\" loading=\"lazy\" class=\"alignnone size-medium wp-image-8026\" src=\"https:\/\/ens6-caba.infd.edu.ar\/sitio\/wp-content\/uploads\/2026\/04\/12-1-1000x567.png\" alt=\"\" width=\"1000\" height=\"567\" srcset=\"https:\/\/ens6-caba.infd.edu.ar\/sitio\/wp-content\/uploads\/2026\/04\/12-1-1000x567.png 1000w, https:\/\/ens6-caba.infd.edu.ar\/sitio\/wp-content\/uploads\/2026\/04\/12-1-768x435.png 768w, https:\/\/ens6-caba.infd.edu.ar\/sitio\/wp-content\/uploads\/2026\/04\/12-1.png 1201w\" sizes=\"(max-width: 1000px) 100vw, 1000px\" \/><\/p>\n\n\n<p><\/p>\n","protected":false},"excerpt":{"rendered":"<p>Informaci\u00f3n sobre becas\u00a0 Existen 3 l\u00edneas de becas: &#8211; BECA REFRIGERIO 2026 TODOS LOS ESTUDIANTES DEBEN INGRESAR POR LA SOLAPA \u201cSOLICITUD DE BECA EN LINEA\u201d El Formulario de Solicitud deber\u00e1 ser completado a trav\u00e9s de un formulario en l\u00ednea dise\u00f1ado espec\u00edficamente a tal fin, en el cual se deber\u00e1 adjuntar la documentaci\u00f3n pertinente. Los interesados &#8230; <a title=\"Becas\" class=\"read-more\" href=\"https:\/\/ens6-caba.infd.edu.ar\/sitio\/becas\/\" aria-label=\"More on Becas\">[+]<\/a><\/p>\n","protected":false},"author":663,"featured_media":0,"parent":0,"menu_order":0,"comment_status":"closed","ping_status":"closed","template":"","meta":[],"acf":[],"_links":{"self":[{"href":"https:\/\/ens6-caba.infd.edu.ar\/sitio\/wp-json\/wp\/v2\/pages\/1976"}],"collection":[{"href":"https:\/\/ens6-caba.infd.edu.ar\/sitio\/wp-json\/wp\/v2\/pages"}],"about":[{"href":"https:\/\/ens6-caba.infd.edu.ar\/sitio\/wp-json\/wp\/v2\/types\/page"}],"author":[{"embeddable":true,"href":"https:\/\/ens6-caba.infd.edu.ar\/sitio\/wp-json\/wp\/v2\/users\/663"}],"replies":[{"embeddable":true,"href":"https:\/\/ens6-caba.infd.edu.ar\/sitio\/wp-json\/wp\/v2\/comments?post=1976"}],"version-history":[{"count":62,"href":"https:\/\/ens6-caba.infd.edu.ar\/sitio\/wp-json\/wp\/v2\/pages\/1976\/revisions"}],"predecessor-version":[{"id":8027,"href":"https:\/\/ens6-caba.infd.edu.ar\/sitio\/wp-json\/wp\/v2\/pages\/1976\/revisions\/8027"}],"wp:attachment":[{"href":"https:\/\/ens6-caba.infd.edu.ar\/sitio\/wp-json\/wp\/v2\/media?parent=1976"}],"curies":[{"name":"wp","href":"https:\/\/api.w.org\/{rel}","templated":true}]}}