{"id":1237,"date":"2018-08-29T14:45:34","date_gmt":"2018-08-29T17:45:34","guid":{"rendered":"https:\/\/ens6-caba.infd.edu.ar\/sitio\/jornadas-educacion-sexual-integral-nivel-medio\/"},"modified":"2019-04-03T16:33:00","modified_gmt":"2019-04-03T19:33:00","slug":"jornadas-educacion-sexual-integral-nivel-medio","status":"publish","type":"page","link":"https:\/\/ens6-caba.infd.edu.ar\/sitio\/jornadas-educacion-sexual-integral-nivel-medio\/","title":{"rendered":"Educaci\u00f3n Sexual Integral (ESI)"},"content":{"rendered":"<p><img decoding=\"async\" loading=\"lazy\" class=\"alignnone size-full wp-image-2000 aligncenter\" src=\"https:\/\/ens6-caba.infd.edu.ar\/sitio\/wp-content\/uploads\/2019\/04\/poster.jpg\" alt=\"\" width=\"398\" height=\"563\" \/><\/p>\n<p style=\"text-align: center;\"><a href=\"https:\/\/www.buenosaires.gob.ar\/educacion\/educacionsexual\/recursos-para-el-aula\">Recursos para el aula (por nivel)<\/a><\/p>\n<hr \/>\n<h1 style=\"text-align: center;\"><span style=\"color: #339966;\"><em style=\"font-size: 16px; line-height: 1.5;\"><span style=\"font-size: 24pt;\"><strong>NIVEL<\/strong><\/span><\/em><em style=\"font-size: 16px; line-height: 1.5;\"><span style=\"font-size: 24pt;\"><strong>\u00a0MEDIO<\/strong><\/span><\/em><\/span><\/h1>\n<p><img decoding=\"async\" loading=\"lazy\" class=\"alignnone size-medium wp-image-2007\" src=\"https:\/\/ens6-caba.infd.edu.ar\/sitio\/wp-content\/uploads\/2019\/04\/ESI-SECU-1000x708.jpg\" alt=\"\" width=\"1000\" height=\"708\" srcset=\"https:\/\/ens6-caba.infd.edu.ar\/sitio\/wp-content\/uploads\/2019\/04\/ESI-SECU-1000x708.jpg 1000w, https:\/\/ens6-caba.infd.edu.ar\/sitio\/wp-content\/uploads\/2019\/04\/ESI-SECU-768x544.jpg 768w, https:\/\/ens6-caba.infd.edu.ar\/sitio\/wp-content\/uploads\/2019\/04\/ESI-SECU.jpg 1011w\" sizes=\"(max-width: 1000px) 100vw, 1000px\" \/><\/p>\n<p><img decoding=\"async\" loading=\"lazy\" class=\"alignnone size-full wp-image-2009 aligncenter\" src=\"https:\/\/ens6-caba.infd.edu.ar\/sitio\/wp-content\/uploads\/2019\/04\/ESI-SECU-2.jpg\" alt=\"\" width=\"846\" height=\"596\" srcset=\"https:\/\/ens6-caba.infd.edu.ar\/sitio\/wp-content\/uploads\/2019\/04\/ESI-SECU-2.jpg 846w, https:\/\/ens6-caba.infd.edu.ar\/sitio\/wp-content\/uploads\/2019\/04\/ESI-SECU-2-768x541.jpg 768w\" sizes=\"(max-width: 846px) 100vw, 846px\" \/><\/p>\n<p><img decoding=\"async\" loading=\"lazy\" class=\"alignnone size-medium wp-image-2010 aligncenter\" src=\"https:\/\/ens6-caba.infd.edu.ar\/sitio\/wp-content\/uploads\/2019\/04\/ESI-SECU-3-1000x712.jpg\" alt=\"\" width=\"1000\" height=\"712\" srcset=\"https:\/\/ens6-caba.infd.edu.ar\/sitio\/wp-content\/uploads\/2019\/04\/ESI-SECU-3-1000x712.jpg 1000w, https:\/\/ens6-caba.infd.edu.ar\/sitio\/wp-content\/uploads\/2019\/04\/ESI-SECU-3-768x547.jpg 768w, https:\/\/ens6-caba.infd.edu.ar\/sitio\/wp-content\/uploads\/2019\/04\/ESI-SECU-3.jpg 1011w\" sizes=\"(max-width: 1000px) 100vw, 1000px\" \/><\/p>\n<p><img decoding=\"async\" loading=\"lazy\" class=\"alignnone  wp-image-2013\" src=\"https:\/\/ens6-caba.infd.edu.ar\/sitio\/wp-content\/uploads\/2019\/04\/Fotograf\u00eda-1-696x1000.jpg\" alt=\"\" width=\"499\" height=\"717\" srcset=\"https:\/\/ens6-caba.infd.edu.ar\/sitio\/wp-content\/uploads\/2019\/04\/Fotograf\u00eda-1-696x1000.jpg 696w, https:\/\/ens6-caba.infd.edu.ar\/sitio\/wp-content\/uploads\/2019\/04\/Fotograf\u00eda-1-768x1103.jpg 768w, https:\/\/ens6-caba.infd.edu.ar\/sitio\/wp-content\/uploads\/2019\/04\/Fotograf\u00eda-1-1323x1900.jpg 1323w, https:\/\/ens6-caba.infd.edu.ar\/sitio\/wp-content\/uploads\/2019\/04\/Fotograf\u00eda-1.jpg 1722w\" sizes=\"(max-width: 499px) 100vw, 499px\" \/><img decoding=\"async\" loading=\"lazy\" class=\"alignnone  wp-image-2012\" src=\"https:\/\/ens6-caba.infd.edu.ar\/sitio\/wp-content\/uploads\/2019\/04\/esi-2-697x1000.jpg\" alt=\"\" width=\"499\" height=\"716\" srcset=\"https:\/\/ens6-caba.infd.edu.ar\/sitio\/wp-content\/uploads\/2019\/04\/esi-2-697x1000.jpg 697w, https:\/\/ens6-caba.infd.edu.ar\/sitio\/wp-content\/uploads\/2019\/04\/esi-2-768x1102.jpg 768w, https:\/\/ens6-caba.infd.edu.ar\/sitio\/wp-content\/uploads\/2019\/04\/esi-2-1324x1900.jpg 1324w, https:\/\/ens6-caba.infd.edu.ar\/sitio\/wp-content\/uploads\/2019\/04\/esi-2.jpg 1717w\" sizes=\"(max-width: 499px) 100vw, 499px\" \/><\/p>\n<hr \/>\n<table style=\"width: 697px;\" border=\"0\">\n<tbody>\n<tr>\n<td style=\"width: 687px;\">\n<p style=\"text-align: center;\"><span style=\"font-size: 24pt; color: #33cccc;\"><strong>Jornadas de Educaci\u00f3n Sexual Integral<\/strong><\/span><\/p>\n<p style=\"text-align: center;\">\n<\/td>\n<\/tr>\n<\/tbody>\n<\/table>\n<table border=\"0\" width=\"687\">\n<tbody>\n<tr>\n<td style=\"width: 677px;\">\n<p style=\"text-align: center;\"><span style=\"font-size: 12pt;\">Las Jornadas de Educaci\u00f3n Sexual Integral duran los tres primeros m\u00f3dulos. <\/span><\/p>\n<p style=\"text-align: center;\"><span style=\"font-size: 12pt;\">El primero y el segundo destinados a los talleres y el tercer m\u00f3dulo para que lxs alumnxs circulen y vean qu\u00e9 se hizo en otros espacios<\/span><\/p>\n<p style=\"text-align: center;\"><span style=\"font-size: 12pt;\">Lxs alumnxs eligen a qu\u00e9 taller asistir, y puden cambiar de taller entre el primer y el segundo m\u00f3dulo.<\/span><\/p>\n<\/td>\n<\/tr>\n<\/tbody>\n<\/table>\n<table style=\"width: 689px;\" border=\"0\">\n<tbody>\n<tr>\n<td style=\"width: 198px; text-align: center;\"><span style=\"font-size: 14pt;\"><strong>Tema<\/strong><\/span><\/td>\n<td style=\"width: 477px; text-align: center;\"><strong><span style=\"font-size: 14pt;\">Descripci\u00f3n<\/span><\/strong><\/td>\n<\/tr>\n<tr>\n<td style=\"width: 198px; text-align: center;\"><strong>Publicidad sexista<\/strong><\/td>\n<td style=\"width: 477px; text-align: justify;\">\u00a0\u00abLa publicidad tambi\u00e9n juega\u00bb y tiene por finalidad ayudar a hacer visibles las diferencias que presentan y los elementos sexistas que puedan contener.<\/td>\n<\/tr>\n<tr>\n<td style=\"width: 198px; text-align: center;\"><strong>El \u00a0acoso \u00a0entre \u00a0pares en la escuela<\/strong><\/td>\n<td style=\"width: 477px; text-align: justify;\">\u00a0Propone el abordaje pac\u00edfico y cooperativo de conflictos. Reflexiones sobre la convivencia en el \u00e1mbito escolar<\/td>\n<\/tr>\n<tr>\n<td style=\"width: 198px; text-align: center;\"><strong>Pornograf\u00eda<\/strong><\/p>\n<p><strong>\u00abEducados\u00a0\u00a0 \u00a0por\u00a0\u00a0 \u00a0las pornos\u00bb<\/strong><\/td>\n<td style=\"width: 477px; text-align: justify;\">\u00a0Debate sobre los estereotipos de g\u00e9nero en la pornograf\u00eda a partir de un relato en primera persona de\u00a0 \u00a0una\u00a0 \u00a0adolescente\u00a0 \u00a0que\u00a0\u00a0 consum\u00eda\u00a0\u00a0 porno\u00a0\u00a0 en b\u00fasqueda de modelos a seguir para iniciarse en sus pr\u00e1cticas sexuales<\/td>\n<\/tr>\n<tr>\n<td style=\"width: 198px; text-align: center;\"><strong>\u00a0<\/strong><\/p>\n<p><strong>M\u00e9todos anticonceptivos\u00a0\u00a0\u00a0\u00a0\u00a0\u00a0\u00a0\u00a0 \u00a0y salud<\/strong><\/td>\n<td style=\"width: 477px; text-align: justify;\">Juegos y actividades que permitir\u00e1n responder todas preguntas que los participantes hicieran sobre el tema y escuchar sus opiniones y creencias. Se van a describir los m\u00e9todos anticonceptivos,\u00a0 \u00bfc\u00f3mo\u00a0 se usan? \u00bfcu\u00e1les son los mitos? \u00bfc\u00f3mo evolucionaron en el tiempo? y su relaci\u00f3n \u00a0con \u00a0la\u00a0 salud\u00a0 mental\u00a0 y\u00a0 f\u00edsica\u00a0 del\u00a0 propio cuerpo.<\/td>\n<\/tr>\n<tr>\n<td style=\"width: 198px;\">\n<p style=\"text-align: center;\"><strong>\u00a0<\/strong><strong>Roles y estereotipos<\/strong><\/p>\n<\/td>\n<td style=\"width: 477px;\">\u00a0Cine debate a partir de la pel\u00edcula Billy Elliot. En el primer m\u00f3dulo proyecci\u00f3n de la pel\u00edcula. En el segundo\u00a0 \u00a0m\u00f3dulo\u00a0 \u00a0debate\u00a0 \u00a0con preguntas escritas disparadoras. Armado de un afiche con las conclusiones.<\/td>\n<\/tr>\n<\/tbody>\n<\/table>\n<table style=\"width: 692px;\" border=\"0\">\n<tbody>\n<tr>\n<td style=\"width: 198px; text-align: center;\"><strong>\u00a0<\/strong><\/p>\n<p><strong>Preservativos: derechos,\u00a0\u00a0\u00a0 \u00a0salud \u00a0y g\u00e9nero<\/strong><\/td>\n<td style=\"width: 478px; text-align: justify;\">\u00a0Articula 3 aspectos vinculados con la educaci\u00f3n sexual integral: derechos, salud y g\u00e9nero. A partir de una actividad l\u00fadica, se pretende acercar a lxs estudiantes al conocimiento sobre sus derechos sexuales y los modos de cuidarse, problematizando las cuestiones de g\u00e9nero que aparecen en las relaciones amorosas y sexuales.<\/td>\n<\/tr>\n<tr>\n<td style=\"width: 198px; text-align: center;\"><strong>\u00a0<\/strong><\/p>\n<p><strong>Publicidad,\u00a0 \u00a0g\u00e9nero \u00a0y discurso sexista<\/strong><\/td>\n<td style=\"width: 478px; text-align: justify;\">\u00a0La idea es ver una serie de cortos publicitarios televisivos y ver qu\u00e9 roles se asigna a cada g\u00e9nero la industria del placer. La actividad se desarrolla en 4 tiempos. 1) proyecci\u00f3n de cortos publicitarios. 2) Se debate sobre lo visto, sobre roles y dem\u00e1s. Cuesti\u00f3n: La\u00a0 necesidad\u00a0 de la industria de que seamos una cosa u otra.3) Producci\u00f3n de ellos: un afiche de contrapublicidad\u00a0 .4) Se expone lo hecho.<\/td>\n<\/tr>\n<tr>\n<td style=\"width: 198px; text-align: center;\"><strong>\u00a0<\/strong><\/p>\n<p><strong>Aborto<\/strong><\/td>\n<td style=\"width: 478px; text-align: justify;\">\u00a0Se plantea el abordaje legal, \u00e9tico y de salud p\u00fablica referido\u00a0 a\u00a0 la\u00a0 interrupci\u00f3n voluntaria del embarazo. Los ejes estar\u00e1n en la informaci\u00f3n y la opini\u00f3n fundada de lxs participantes.<\/td>\n<\/tr>\n<tr>\n<td style=\"width: 198px; text-align: center;\"><strong>\u00a0<\/strong><\/p>\n<p><strong>Femicidio \u00a0y tratamiento<\/strong><\/p>\n<p><strong>period\u00edstico<\/strong><\/td>\n<td style=\"width: 478px; text-align: justify;\">\u00a0Orientado\u00a0a conocer qu\u00e9 es y qu\u00e9 no es un \u00a0femicidio. \u00a0Los \u00a0invitamos\u00a0 a\u00a0 abordar\u00a0 este\u00a0 tema como una expresi\u00f3n de un problema colectivo, realizando un gr\u00e1fico-collage.<\/p>\n<p>Analizamos los casos de mayor difusi\u00f3n period\u00edstica para reflexionar sobre esta palabra \u00a0y \u00a0para\u00a0 valorar\u00a0 en \u00a0forma\u00a0 cr\u00edtica\u00a0 c\u00f3mo\u00a0 se titulan y describen los femicidios en la prensa escrita. Y vamos a intervenir y \u00abcorregir\u00bb esas noticias en funci\u00f3n de lo que aprendimos.<\/td>\n<\/tr>\n<\/tbody>\n<\/table>\n<div>\n<table style=\"border-color: #f51818; height: 475px; margin-left: auto; margin-right: auto;\" border=\"0\" width=\"707\">\n<tbody>\n<tr>\n<td style=\"width: 697px; text-align: center;\">&nbsp;<\/p>\n<div>\n<p><iframe loading=\"lazy\" src=\"http:\/\/www.kizoa.com\/embed-146095669-P538345284o1l1\" width=\"640\" height=\"360\" frameborder=\"0\" allowfullscreen=\"allowfullscreen\"><\/iframe><\/p>\n<\/div>\n<div style=\"text-align: center;\">Recordar habilitar el sonido<\/div>\n<\/td>\n<\/tr>\n<\/tbody>\n<\/table>\n<\/div>\n<table style=\"width: 697px; margin-left: auto; margin-right: auto;\" border=\"0\">\n<tbody>\n<tr style=\"height: 273px;\">\n<td style=\"width: 503px; height: 273px;\"><img decoding=\"async\" loading=\"lazy\" style=\"display: block; margin-left: auto; margin-right: auto;\" title=\"TALLERES\" src=\"https:\/\/ens6-caba.infd.edu.ar\/sitio\/wp-content\/uploads\/2018\/08\/ens6_084.jpg\" alt=\"TALLERES\" width=\"690\" height=\"388\" border=\"0\" \/><\/td>\n<\/tr>\n<tr style=\"height: 277px;\">\n<td style=\"width: 503px; height: 277px;\"><img decoding=\"async\" loading=\"lazy\" style=\"display: block; margin-left: auto; margin-right: auto;\" title=\"\" src=\"https:\/\/ens6-caba.infd.edu.ar\/sitio\/wp-content\/uploads\/2018\/08\/ens6_017.jpg\" alt=\"\" width=\"686\" height=\"385\" border=\"0\" \/><\/td>\n<\/tr>\n<tr style=\"height: 648px;\">\n<td style=\"width: 503px; height: 648px;\"><img decoding=\"async\" style=\"display: block; margin-left: auto; margin-right: auto;\" title=\"TALLER ACOSO\" src=\"https:\/\/ens6-caba.infd.edu.ar\/sitio\/wp-content\/uploads\/2018\/08\/ens6_025.jpg\" alt=\"TALLER ACOSO\" border=\"0\" \/><\/td>\n<\/tr>\n<tr style=\"height: 216px;\">\n<td style=\"width: 503px; height: 216px;\"><\/td>\n<\/tr>\n<\/tbody>\n<\/table>\n<p style=\"text-align: center;\">\n","protected":false},"excerpt":{"rendered":"<p>Recursos para el aula (por nivel) NIVEL\u00a0MEDIO Jornadas de Educaci\u00f3n Sexual Integral Las Jornadas de Educaci\u00f3n Sexual Integral duran los tres primeros m\u00f3dulos. El primero y el segundo destinados a los talleres y el tercer m\u00f3dulo para que lxs alumnxs circulen y vean qu\u00e9 se hizo en otros espacios Lxs alumnxs eligen a qu\u00e9 taller &#8230; <a title=\"Educaci\u00f3n Sexual Integral (ESI)\" class=\"read-more\" href=\"https:\/\/ens6-caba.infd.edu.ar\/sitio\/jornadas-educacion-sexual-integral-nivel-medio\/\" aria-label=\"More on Educaci\u00f3n Sexual Integral (ESI)\">[+]<\/a><\/p>\n","protected":false},"author":7,"featured_media":0,"parent":0,"menu_order":0,"comment_status":"closed","ping_status":"closed","template":"","meta":[],"acf":[],"_links":{"self":[{"href":"https:\/\/ens6-caba.infd.edu.ar\/sitio\/wp-json\/wp\/v2\/pages\/1237"}],"collection":[{"href":"https:\/\/ens6-caba.infd.edu.ar\/sitio\/wp-json\/wp\/v2\/pages"}],"about":[{"href":"https:\/\/ens6-caba.infd.edu.ar\/sitio\/wp-json\/wp\/v2\/types\/page"}],"author":[{"embeddable":true,"href":"https:\/\/ens6-caba.infd.edu.ar\/sitio\/wp-json\/wp\/v2\/users\/7"}],"replies":[{"embeddable":true,"href":"https:\/\/ens6-caba.infd.edu.ar\/sitio\/wp-json\/wp\/v2\/comments?post=1237"}],"version-history":[{"count":9,"href":"https:\/\/ens6-caba.infd.edu.ar\/sitio\/wp-json\/wp\/v2\/pages\/1237\/revisions"}],"predecessor-version":[{"id":2014,"href":"https:\/\/ens6-caba.infd.edu.ar\/sitio\/wp-json\/wp\/v2\/pages\/1237\/revisions\/2014"}],"wp:attachment":[{"href":"https:\/\/ens6-caba.infd.edu.ar\/sitio\/wp-json\/wp\/v2\/media?parent=1237"}],"curies":[{"name":"wp","href":"https:\/\/api.w.org\/{rel}","templated":true}]}}