{"id":1205,"date":"2018-08-29T14:45:22","date_gmt":"2018-08-29T17:45:22","guid":{"rendered":"https:\/\/ens6-caba.infd.edu.ar\/sitio\/cfp-horarios-de-cursada\/"},"modified":"2026-03-06T16:56:55","modified_gmt":"2026-03-06T19:56:55","slug":"cfp-horarios-de-cursada","status":"publish","type":"page","link":"https:\/\/ens6-caba.infd.edu.ar\/sitio\/cfp-horarios-de-cursada\/","title":{"rendered":"Horarios de Cursada del CFP"},"content":{"rendered":"\n<h3 class=\"wp-block-heading has-text-align-center has-medium-font-size\">1ER. CUATRIMESTRE 2026<\/h3>\n\n\n\n<h3 class=\"wp-block-heading has-text-align-center has-large-font-size\"><strong>&nbsp;<span style=\"font-family: arial, helvetica, sans-serif; font-size: 12pt; color: #993366;\">Las clases comienzan el 16 de marzo de 2026, cada materia en su horario&nbsp;<\/span> <\/strong><\/h3>\n\n\n\n<figure class=\"wp-block-table\"><table><tbody><tr><td>Horario<\/td><td>LUNES<\/td><td>MARTES<\/td><td>MI\u00c9RCOLES<\/td><td>JUEVES<\/td><td>VIERNES<\/td><td>S\u00c1BADO<\/td><\/tr><tr><td>13.30- 15.30<\/td><td><strong>Hist. Soc. y pol. de la educ arg<\/strong> (Arbelo) PEI <\/td><td><\/td><td><strong>Did\u00e1ctica 1<\/strong> (Lopez) PEI <br><strong>Trabajo Docente <\/strong>(Hern\u00e1ndez)<\/td><td><\/td><td><\/td><td><\/td><\/tr><tr><td>13.30 &#8211; 17.30<\/td><td><\/td><td><\/td><td><\/td><td><strong>Sujetos de la Ed. Media y Sup.<\/strong> (Ferrari) <\/td><td><strong>Pedagog\u00eda<\/strong> (Valicenti) PEI<strong> <\/strong><\/td><td><\/td><\/tr><tr><td>16 a 18<\/td><td><\/td><td><\/td><td><\/td><td><strong>Taller 2<\/strong> (Sago)<strong> <\/strong><\/td><td><\/td><td><\/td><\/tr><tr><td>18 &#8211; 20<\/td><td><strong>Did\u00e1ctica 1<\/strong> (Nieto) PEI <br><strong>Nuevas Tecnolog\u00edas <\/strong>(Cortese) <\/td><td><strong>Trabajo Docente<\/strong> (Nieto) PEI<br><br><strong>Historia Social y pol. de la educ. ar <\/strong>(Schiavinato) PEI<\/td><td><strong>Psicolog\u00eda Educaciona<\/strong>l (Brailovsky)   <br><strong>Problem\u00e1ticas de la educaci\u00f3n media y superior<\/strong> (Ginocchio)<strong> <\/strong><br><strong>Taller 1 (<\/strong>Kaplan)<\/td><td><strong>Did\u00e1ctica 2 <\/strong>(Sago)<strong> <\/strong><br><strong>Did\u00e1ctica 3 <\/strong>(Veneroso)<strong> <\/strong><br><strong>EDI<\/strong> (Rusler) <\/td><td><strong>Trabajo de Campo <\/strong>(Lavalleto)  <br> <strong>Nuevas Tecnolog\u00edas <\/strong>(Lewkowicz) <\/td><td><\/td><\/tr><tr><td>18 &#8211; 22<\/td><td><\/td><td><\/td><td><strong>Sujetos de la Ed. Media y Sup.<\/strong> (Ferrari) <\/td><td><strong>Pedagog\u00eda<\/strong> (Aguilar)  <br><strong>Pedagog\u00eda<\/strong> (Lapegna) PEI <\/td><td><\/td><td><\/td><\/tr><tr><td>20-22<\/td><td><strong>Taller 1<\/strong> (Conway) <\/td><td><strong>Historia Social y pol. de la educ. ar <\/strong>(Roch) <\/td><td><strong>EDI<\/strong> (Rusler)<\/td><td><strong>Trabajo<\/strong> <strong>Docente<\/strong> (Sago)<br><strong>TALLER 3 <\/strong>(Serena)<\/td><td><br><\/td><td><\/td><\/tr><tr><td>8.30 &#8211; 10.30<\/td><td><\/td><td><\/td><td><\/td><td><\/td><td><\/td><td><strong>Psicolog\u00eda Educacional<\/strong> (Zion)  <br><strong>Did\u00e1ctica 3<\/strong> (De la Mota)<br><strong>Taller 2<\/strong> (Lavalletto &#8211; Villa) <br><strong>Prob. De la E. Media y Sup. <\/strong>(Ginocchio) <\/td><\/tr><tr><td>10.30 &#8211; 12.30<\/td><td><\/td><td><\/td><td><\/td><td><\/td><td><\/td><td><strong>Did\u00e1ctica 2<\/strong> (Sago) <br><strong>Taller 1 <\/strong>(Conway) <br><strong>Taller 3<\/strong> (Candelino &#8211; Serena) <br><strong>Did\u00e1ctica 1<\/strong> (De la Mota) <\/td><\/tr><\/tbody><\/table><\/figure>\n\n\n\n<div class=\"wp-block-columns is-layout-flex wp-container-1\"><\/div>\n\n\n\n<div class=\"wp-block-columns is-layout-flex wp-container-3\">\n<div class=\"wp-block-column is-layout-flow\"><\/div>\n<\/div>\n","protected":false},"excerpt":{"rendered":"<p>1ER. CUATRIMESTRE 2026 &nbsp;Las clases comienzan el 16 de marzo de 2026, cada materia en su horario&nbsp; Horario LUNES MARTES MI\u00c9RCOLES JUEVES VIERNES S\u00c1BADO 13.30- 15.30 Hist. Soc. y pol. de la educ arg (Arbelo) PEI Did\u00e1ctica 1 (Lopez) PEI Trabajo Docente (Hern\u00e1ndez) 13.30 &#8211; 17.30 Sujetos de la Ed. Media y Sup. (Ferrari) Pedagog\u00eda &#8230; <a title=\"Horarios de Cursada del CFP\" class=\"read-more\" href=\"https:\/\/ens6-caba.infd.edu.ar\/sitio\/cfp-horarios-de-cursada\/\" aria-label=\"More on Horarios de Cursada del CFP\">[+]<\/a><\/p>\n","protected":false},"author":7,"featured_media":0,"parent":0,"menu_order":0,"comment_status":"closed","ping_status":"closed","template":"","meta":[],"acf":[],"_links":{"self":[{"href":"https:\/\/ens6-caba.infd.edu.ar\/sitio\/wp-json\/wp\/v2\/pages\/1205"}],"collection":[{"href":"https:\/\/ens6-caba.infd.edu.ar\/sitio\/wp-json\/wp\/v2\/pages"}],"about":[{"href":"https:\/\/ens6-caba.infd.edu.ar\/sitio\/wp-json\/wp\/v2\/types\/page"}],"author":[{"embeddable":true,"href":"https:\/\/ens6-caba.infd.edu.ar\/sitio\/wp-json\/wp\/v2\/users\/7"}],"replies":[{"embeddable":true,"href":"https:\/\/ens6-caba.infd.edu.ar\/sitio\/wp-json\/wp\/v2\/comments?post=1205"}],"version-history":[{"count":49,"href":"https:\/\/ens6-caba.infd.edu.ar\/sitio\/wp-json\/wp\/v2\/pages\/1205\/revisions"}],"predecessor-version":[{"id":7776,"href":"https:\/\/ens6-caba.infd.edu.ar\/sitio\/wp-json\/wp\/v2\/pages\/1205\/revisions\/7776"}],"wp:attachment":[{"href":"https:\/\/ens6-caba.infd.edu.ar\/sitio\/wp-json\/wp\/v2\/media?parent=1205"}],"curies":[{"name":"wp","href":"https:\/\/api.w.org\/{rel}","templated":true}]}}