{"id":1157,"date":"2018-08-29T14:45:04","date_gmt":"2018-08-29T17:45:04","guid":{"rendered":"https:\/\/ens6-caba.infd.edu.ar\/sitio\/informacion-administrativa\/"},"modified":"2026-03-12T05:21:21","modified_gmt":"2026-03-12T08:21:21","slug":"informacion-administrativa","status":"publish","type":"page","link":"https:\/\/ens6-caba.infd.edu.ar\/sitio\/informacion-administrativa\/","title":{"rendered":"Horarios y espacios de atenci\u00f3n"},"content":{"rendered":"<table border=\"10\" align=\"center\">\n<tbody>\n<tr>\n<td style=\"text-align: center;\">HORARIOS Y ESPACIOS DE ATENCI\u00d3N<\/td>\n<\/tr>\n<tr>\n<td>\n<ul>\n<li>Regencia de Nivel Terciario: Prof. Alejandra Lapegna<\/li>\n<li>Bedel\u00eda\u00a0 Turno Tarde:\u00a0 Gabriela Tedesco. De 14 a 16 Hs.<\/li>\n<li>Bedel\u00eda Turno Vespertino: Julieta Hermida\u00a0 De 18 a 20 Hs.<\/li>\n<li>Mail: <a href=\"mailto:bedelian06@gmail.com\">bedelian06@gmail.com<\/a><\/li>\n<\/ul>\n<ul>\n<li>Biblioteca: de 8\u00a0 a 22 Hs.<\/li>\n<\/ul>\n<ul>\n<li>Tutor\u00eda: <span style=\"font-family: inherit; font-size: inherit; line-height: 1.5;\">Prof. Ver\u00f3nica Rusler y\u00a0 Lic. Mar\u00eda Julieta Hermida Liuzzi<\/span><\/li>\n<\/ul>\n<ul>\n<li>Coordinaciones:<\/li>\n<\/ul>\n<p>CFG\u00a0 Prof. Gimena Nieto y Marcos Candelino<\/p>\n<p>CFE\u00a0 Prof. Lorena Lewkowicz y Jos\u00e9 Luis Rodr\u00edguez Ferla<\/p>\n<p>CFPD\u00a0 Prof. Cristina Oliana<\/p>\n<p>\u00a0<\/p>\n<\/td>\n<\/tr>\n<tr>\n<td>\n<p style=\"text-align: center;\">ES MUY IMPORTANTE CONSULTAR DIARIAMENTE LA CARTELERA<\/p>\n<p style=\"text-align: center;\">En la instituci\u00f3n, en PB en el pasillo del fondo existe una cartelera en la cual est\u00e1 exhibida toda\u00a0 la\u00a0 informaci\u00f3n relevante en relaci\u00f3n a la cursada, como asimismo diversos tipos de orientaciones para la realizaci\u00f3n de diferentes tr\u00e1mites.<\/p>\n<h6 style=\"text-align: center;\"><span style=\"font-size: 10pt;\">Esta informaci\u00f3n podr\u00e1 ser consultada tambi\u00e9n en esta p\u00e1gina web visitando las diferentes secciones.<\/span><\/h6>\n<p>\u00a0 \u00a0 \u00a0 \u00a0 \u00a0En AMBOS ESPACIOS encontrar\u00e1:<\/p>\n<ul>\n<li>Calendario acad\u00e9mico con fechas de inicio y fin de cuatrimestre, fechas de inscripci\u00f3n a instancias curriculares, fechas de mesas de ex\u00e1menes, etc.<\/li>\n<li>Horarios<\/li>\n<li>Anuncios<\/li>\n<li>Otras informaciones relevantes<\/li>\n<\/ul>\n<\/td>\n<\/tr>\n<tr>\n<td>\n<p style=\"text-align: center;\">TR\u00c1MITES Y DESCARGAS:<\/p>\n<p>Atenci\u00f3n:<br \/>Nuevo formulario para que soliciten la Constancia de Alumna regular, de Examen o de T\u00edtulo en tr\u00e1mite:\u00a0<a href=\"https:\/\/forms.gle\/Wt42GzEHR4uM6Vim8\" target=\"_blank\" rel=\"noopener\">https:\/\/forms.gle\/Wt42GzEHR4uM6Vim8<\/a><\/p>\n<ul>\n<li><a title=\"Inscripci\u00f3n al Profesorado de Ense\u00f1anza Inicial\" href=\"index.cgi?wid_seccion=22&amp;wid_item=38\" target=\"_blank\" rel=\"noopener\"><span style=\"color: #3a3a3a;\">INSCRIPCI\u00d3N AL PROFESORADO DE EDUCACI\u00d3N INICIAL<\/span><\/a><\/li>\n<li><a title=\"Inscripci\u00f3n Espacios Curriculares\" href=\"https:\/\/ens6-caba.infd.edu.ar\/sitio\/wp-content\/uploads\/2022\/08\/PLANILLA-INSCIPCION-PEI-2C-2022.xlsx\" target=\"_blank\" rel=\"noopener\"><span style=\"color: #3a3a3a;\">INSCRIPCI\u00d3N EN MATERIAS, SEMINARIOS Y TALLERES<\/span><\/a> Pueden descargar desde aqu\u00ed la NUEVA PLANILLA para la inscripci\u00f3n en las materias del PEI. Tiene los horarios y sus datos personales. Lo van a tener que entregar firmado, en papel, en bedel\u00eda, en TT o TV. Algunas materias tienen CORRELATIVIDADES. Eso implica que no pueden cursarla si no cursaron la materia requerida. Fijense en el cuadro de correlativas que se expone en la cartelera. Respecto de cada materia, deben marcar si est\u00e1 APROBADA (A, es decir completa) o solo CURSADA (C, que falta rendir el final) o, si todav\u00eda no la hiciste, dejar la casilla vac\u00eda. Si la hiciste, marc\u00e1 la opci\u00f3n correcta A o C. Finalmente hay una columna al final para marcar la\/s materias que van a cursar. <strong>Esta planilla tienen que entregarla en papel, con su firma, en la bedel\u00eda hasta el viernes 12\/8<\/strong>. Pueden all\u00ed consultar para su rellenado. Si quieren, pueden sacar copias en la fotocopiadora que est\u00e1 dentro de la galer\u00eda de al lado de la escuela.\u00a0<\/li>\n<li><a title=\"Alumnos Volantes\" href=\"index.cgi?wid_item=17&amp;wid_seccion=17\"><span style=\"color: #3a3a3a;\">SOLICITUD PARA CURSAR COMO ALUMNO VOLANTE\u00a0<\/span><\/a><\/li>\n<li><a title=\"PASES\" href=\"index.cgi?wid_item=18&amp;wid_seccion=17\"><span style=\"color: #3a3a3a;\">SOLICITUD DE \u00a0PASES\u00a0<\/span><\/a><\/li>\n<li><a title=\"Solicitud de Equivalencias \" href=\"index.cgi?wid_seccion=20\"><span style=\"color: #3a3a3a;\">SOLICITUD DE EQUIVALENCIAS<\/span><\/a><\/li>\n<li><a title=\"SOLICITUD PROGRAMAS\" href=\"upload\/solicitud_de_programas_nuevo.doc\" target=\"_blank\" rel=\"noopener\"><span style=\"color: #3a3a3a;\">SOLICITUD DE PROGRAMAS<\/span><\/a><\/li>\n<li><span style=\"color: #3a3a3a;\"><a title=\"SOLICITUD CERTIFICADO ANAL\u00cdTICO COMPLETO\" href=\"upload\/cert_analit_completo_1.docx\" target=\"_blank\" rel=\"noopener\">SOLICITUD DE ANAL\u00cdTICO<\/a>\u00a0<\/span><\/li>\n<li><a title=\"CONSTANCIAS \" href=\"index.cgi?wid_item=19&amp;wid_seccion=17\"><span style=\"color: #3a3a3a;\">CONSTANCIAS<\/span><\/a><\/li>\n<\/ul>\n<\/td>\n<\/tr>\n<tr>\n<td>\n<p style=\"text-align: center;\">\u00a0<\/p>\n<p style=\"text-align: center;\">Correo electr\u00f3nico de Bedel\u00eda:\u00a0<a href=\"mailto:bedelian06@gmail.com\">bedelian06@gmail.com<\/a><\/p>\n<p style=\"text-align: center;\">Correo electr\u00f3nico de Tutoras: <span data-action=\"new-message\"><a href=\"mailto:tutorasens6@gmail.com\">tutorasens6@gmail.com<\/a><\/span><\/p>\n<p>\u00a0<\/p>\n<\/td>\n<\/tr>\n<\/tbody>\n<\/table>\n\n\n<p><a href=\"https:\/\/ens6-caba.infd.edu.ar\/sitio\/informacion-administrativa\/\">Ver la p\u00e1gina<\/a><\/p>\n","protected":false},"excerpt":{"rendered":"<p>HORARIOS Y ESPACIOS DE ATENCI\u00d3N Regencia de Nivel Terciario: Prof. Alejandra Lapegna Bedel\u00eda\u00a0 Turno Tarde:\u00a0 Gabriela Tedesco. De 14 a 16 Hs. Bedel\u00eda Turno Vespertino: Julieta Hermida\u00a0 De 18 a 20 Hs. Mail: bedelian06@gmail.com Biblioteca: de 8\u00a0 a 22 Hs. Tutor\u00eda: Prof. Ver\u00f3nica Rusler y\u00a0 Lic. Mar\u00eda Julieta Hermida Liuzzi Coordinaciones: CFG\u00a0 Prof. Gimena Nieto &#8230; <a title=\"Horarios y espacios de atenci\u00f3n\" class=\"read-more\" href=\"https:\/\/ens6-caba.infd.edu.ar\/sitio\/informacion-administrativa\/\" aria-label=\"More on Horarios y espacios de atenci\u00f3n\">[+]<\/a><\/p>\n","protected":false},"author":7,"featured_media":0,"parent":0,"menu_order":0,"comment_status":"closed","ping_status":"closed","template":"","meta":[],"acf":[],"_links":{"self":[{"href":"https:\/\/ens6-caba.infd.edu.ar\/sitio\/wp-json\/wp\/v2\/pages\/1157"}],"collection":[{"href":"https:\/\/ens6-caba.infd.edu.ar\/sitio\/wp-json\/wp\/v2\/pages"}],"about":[{"href":"https:\/\/ens6-caba.infd.edu.ar\/sitio\/wp-json\/wp\/v2\/types\/page"}],"author":[{"embeddable":true,"href":"https:\/\/ens6-caba.infd.edu.ar\/sitio\/wp-json\/wp\/v2\/users\/7"}],"replies":[{"embeddable":true,"href":"https:\/\/ens6-caba.infd.edu.ar\/sitio\/wp-json\/wp\/v2\/comments?post=1157"}],"version-history":[{"count":20,"href":"https:\/\/ens6-caba.infd.edu.ar\/sitio\/wp-json\/wp\/v2\/pages\/1157\/revisions"}],"predecessor-version":[{"id":7796,"href":"https:\/\/ens6-caba.infd.edu.ar\/sitio\/wp-json\/wp\/v2\/pages\/1157\/revisions\/7796"}],"wp:attachment":[{"href":"https:\/\/ens6-caba.infd.edu.ar\/sitio\/wp-json\/wp\/v2\/media?parent=1157"}],"curies":[{"name":"wp","href":"https:\/\/api.w.org\/{rel}","templated":true}]}}